k + 6. Let o(m) = 3*r(m) - 4*t(m). What is the units digit of o(1)?
4
What is the ten thousands digit of (1 - (-94)/8)/((21167/180072)/347)?
3
Suppose -144 + 504 = 15*y. Suppose y*d - 3359 = 37345. What is the tens digit of d?
9
Let j(x) = x**2 - 3*x - 20. Let y be 4/2*7/2. Let s be j(y). Suppose 29 = -7*u + s*u. What is the units digit of u?
9
Let c(l) = 12*l**2 + 31*l - 4. What is the units digit of c(-8)?
6
Suppose -1225*a - 120722 = -1232*a. What is the units digit of a?
6
Suppose 2 + 18 = 2*d. Suppose 0 = -1001*p + 991*p + 60. What is the units digit of (-1)/(p/(-350)) - d/(-15)?
9
What is the units digit of ((-5)/((-55)/(-155386)))/(-2)?
3
Let u(h) = 6595*h + 474. What is the units digit of u(6)?
4
Let k be -28 - 2/((-10)/15). Let u(g) = -13*g - 10. What is the tens digit of u(k)?
1
Let c(d) = 7 + d**2 + 7 - 9 + 3*d + 15*d**2 + 2*d**3. What is the tens digit of c(-7)?
8
Suppose -44*n + 8149960 = 36*n + 60*n. What is the thousands digit of n?
8
Let m be 58 - (4/(-18) + 608/(-342)). What is the tens digit of (-5)/m*-2 - 12327/(-18)?
8
Suppose o = -4*d + 1515, -d + 327 = -o - 53. Suppose 8*a - 6*a - d = 5*q, -5*q + 5 = 0. What is the hundreds digit of a?
1
Let p = 623 - 437. Suppose -c + p = c. What is the tens digit of c?
9
Let w = 170 + -8. Let r = 492 + w. What is the units digit of r?
4
What is the tens digit of (-162)/12*(-3878 + -36)?
3
Let i(h) = -427*h**3 - 434*h**3 + h**2 - 13 + 862*h**3. What is the tens digit of i(3)?
2
Let q = -55124 - -93944. What is the hundreds digit of q?
8
Let l = 369 + -365. Suppose -3*f = -1342 + l. What is the tens digit of f?
4
Let d be (-1 + 9)/((-11)/(-1) + -9). Let f(o) = 2*o**2 - 8*o + 48. What is the units digit of f(d)?
8
Let w be 12/(8/(-4))*(5 + 0). Let x be -3 - (5/(-3) + (-20)/w). What is the tens digit of (7 - -43)/(x/(-3))?
7
Let z(h) = 1374*h + 906. What is the tens digit of z(6)?
5
Let c(z) = -3*z + 17. Let a be c(5). Suppose s + 88 = a*s - 5*o, s - 2*o - 91 = 0. What is the units digit of s?
3
Let x be (348/(-8))/((-2)/(-12)). Let o = x + 441. What is the hundreds digit of o?
1
Let x = -24 - -29. Suppose -3*r = x*f - 299, 457 = -2*r + 7*r - 2*f. Let t = r + 8. What is the units digit of t?
1
Suppose -2*g - 2*c = 3*g, 13 = -4*g + c. Let j be -1 + -1 - ((-4 - g) + -850). Suppose 10*t - j - 210 = 0. What is the hundreds digit of t?
1
Let w(q) = q**3 + 14*q**2 + 13*q + 2. Let g(y) = y**2 + 8*y - 21. Let v be g(-9). Let b be w(v). Suppose 5*s - 96 = b. What is the tens digit of s?
4
Let c = -13227 + 22664. What is the tens digit of c?
3
Suppose 37*p - 36*p - 8 = 2*i, -p + 20 = -4*i. What is the tens digit of -3 + (-5594)/(-10) + i/15?
5
Suppose -25*w = -4781 - 29529 + 9560. What is the units digit of w?
0
Let d(u) = 10*u + 41. Let g(n) = -n + 18. Let y = -49 + 54. Let i be g(y). What is the units digit of d(i)?
1
Let f = -53087 - -98970. What is the ten thousands digit of f?
4
Let a(l) = 34*l**2 - 5*l - 1. Let k = 14 - 11. What is the tens digit of a(k)?
9
Suppose 2*g - j - 55 = 0, 5*g + j - 43 - 91 = 0. Suppose -3*k + 9 = -0, -2*b + 18 = -4*k. Let t = g + b. What is the tens digit of t?
4
What is the tens digit of 48/(-36)*-93*384/3?
7
Let w = -5 + 3. Let k(a) = -3*a - 1 + 3 - 15 + 3 + 7. What is the units digit of k(w)?
3
Suppose 0*n = 5*n - h + 199, -3*h = 4*n + 144. Let i = n - -635. Suppose 2*y = 6*y - i. What is the units digit of y?
9
Let c(n) = 11*n**2 + 23*n - 19. What is the thousands digit of c(-27)?
7
Let h be (5 - 55/10)*2 + 1. Let o(j) be the second derivative of j**4/12 + j**3/6 + 73*j**2/2 + 3*j. What is the tens digit of o(h)?
7
Suppose 4*m + 68826 = 3*y + 13824, 2*m = -4*y + 73292. What is the ten thousands digit of y?
1
Let s = 76 + -72. Suppose -83 = s*u - 95. Suppose 3*i = -2*d + 2, -i = -u*i. What is the units digit of d?
1
Suppose -172 = 4*s - 2*a, -5*s - 226 = -6*a + 9*a. Let y = 10 - s. Let h = y + -25. What is the tens digit of h?
2
Let t be (-39 - 1297) + -4 + 0. Let r = t + 2294. What is the hundreds digit of r?
9
Let k = -1117 - -420. Let r = 619 - k. What is the thousands digit of r?
1
Let f = 36 - 7. Let w be ((-303)/(-9))/((-5)/(-15)). Suppose w = 6*c + f. What is the tens digit of c?
1
Let o = 75 + -79. Let i be (o - (-33)/6) + (-6)/(-4). Suppose u - 2*s - 149 = 2*s, -5*u + i*s = -830. What is the hundreds digit of u?
1
Suppose 16*h - 11580 = 46484. Suppose 2*b - 1804 = 4*k, 3*k + h = 4*b + 2*k. What is the tens digit of b?
0
Let c = 446 + -119. Let l = 49 - 46. Suppose 0 = -l*o + 3, -2*a - 15 + c = 4*o. What is the tens digit of a?
5
Suppose -24*i - 2*m - 22323 = -27*i, -4*i + 3*m = -29765. What is the tens digit of i?
3
Let z(n) = -29*n + 643. Let g be z(21). Let s be (-4)/6 + 88/(-3). Let y = s + g. What is the units digit of y?
4
What is the tens digit of (12/(-16)*-4798)/(42/196) + -6?
8
Let h = 27612 - 16444. What is the thousands digit of h?
1
Let t(o) = 1 + 33*o + 1 + 180*o. Suppose 2470*x = 2525*x - 53 - 2. What is the units digit of t(x)?
5
Suppose -233 = -18*q + 379. Let z(p) = 40*p + 56. What is the units digit of z(q)?
6
Let k = 780 + -212. Suppose -3*u - r + k = -475, r - 5 = 0. Let q = u + -199. What is the tens digit of q?
4
Let y(w) = 41*w**2 - 4*w + 4. Let m be y(2). Let p = m - 312. Let k = p - -262. What is the tens digit of k?
1
Let y = -13 - -20. Suppose -y*d = -252 - 63. What is the units digit of -46*(d/(-10) + 4)?
3
Let d(c) = -c**3 + 12*c**2 + 5*c + 115. Let r be d(13). What is the units digit of (80 - r)*292/12?
9
Suppose 5*p = -v + 2486, -7*v - 2*p = -6*v - 2474. What is the thousands digit of v?
2
Let u = -33 - -33. Suppose u = -3*b - 2*b - 4*d + 11889, 0 = b - 4*d - 2373. Suppose -9*f + b = 550. What is the hundreds digit of f?
2
Let c be ((-1)/4)/(2/(-8))*4. Suppose -y + c = -5*y, -4*y = -z + 9. Suppose -3*u = 2*u - z*o - 1250, 3*o - 246 = -u. What is the tens digit of u?
4
Let c(t) = t**3 + 65*t**2 + 503*t - 64. Let r be c(-56). Suppose 5*g - 161 - 19 = 0. Let m = g + r. What is the units digit of m?
8
Let x(j) = 2*j**3 + 1. Let w be x(-1). Suppose 3*s - 330 = -5*h, -5*h + 2*s + 63 = -292. What is the tens digit of ((-1)/(1 + 0))/(w/h)?
6
Suppose 0 = -c - 19 - 17. Let o be 3*(240/c + (-1 - -1)). Let h = o - -46. What is the tens digit of h?
2
Suppose 11235 = 11*i - 20436 - 2957. What is the tens digit of i?
4
Let w be 0/(1*(1 - 3)). Let m(f) = -6*f + w*f - 58 + 2*f. What is the tens digit of m(-21)?
2
Let h(u) = -9*u**3 - 3*u**2 - 4*u + 1. Let i be h(-4). Let v = 4631 + -4962. Let k = v + i. What is the units digit of k?
4
Let i(a) = -a**2 - 23*a - 7. Let c(p) = p**2 + 8*p - 10. Let o be c(-6). Let w be i(o). What is the tens digit of (1 - 0) + 50 + w + -12?
5
Let a(n) = 139*n. Suppose -j - 24 = -5*d, j + 8 = -d - 2*j. Suppose 5*k = -d*l - 1, 5 = -3*k + 2. What is the units digit of a(l)?
9
Suppose -5*y + 4 + 6 = 0. Suppose -y*o - w + 500 + 319 = 0, 432 = o + 5*w. What is the units digit of o?
7
Let p(i) = 14*i**2 + i - 14. Let a = -67 + 75. What is the hundreds digit of p(a)?
8
Let j be (1190/30)/((1 + -3)/(-42)). Let u = j - 439. What is the units digit of u?
4
Suppose 19*w - 972230 = -151*w. What is the units digit of w?
9
Let p(h) = 2*h**2 - h**3 + 18 - 5*h**2 - 4*h**2 + 11*h. Let v(z) = z**2 - 15*z + 5. Let i be v(14). What is the tens digit of p(i)?
8
Suppose 60*v - 376699 = -29299. What is the hundreds digit of v?
7
Suppose g + 3*v - 4410 = 0, -19*g - v + 13182 = -16*g. What is the thousands digit of g?
4
Suppose 2*i + 15 = 7*i. Suppose 8*d - 3*d + i*x = 17, -4*d - 3*x = -16. What is the units digit of d + 1 + (67 - 1)?
8
Let i(p) = 216*p**2 - 42*p + 131. What is the units digit of i(3)?
9
Suppose 21749 = -15*n + 17*n + i, 0 = -3*n - 4*i + 32626. What is the ten thousands digit of n?
1
Suppose -4*r = -3*m + r + 31, r + 1 = -2*m. Suppose u + m*d - 18 = 3*u, 2*d = -u + 3. Let t = 25 + u. What is the tens digit of t?
2
Suppose -3*i - 3*v - 2*v + 4171 = 0, -4*i + 4*v = -5572. Suppose 5*w - 3728 = i. What is the thousands digit of w?
1
Suppose 2*a + 308 = 6*v - 2*v, 5*v - a - 391 = 0. Let j = v - 80. What is the hundreds digit of (j + 1*-193)/(8/(-8))?
1
Suppose 5*j = 10*j - 75. What is the hundreds digit of -54*(5/j - (-82)/(-12))?
3
Suppose -3*a + q + 20 = 0, -14 = -3*a - 5*q + 3*q. Suppose -2*j = 3*p - 51, 6 = 4*j - a. 